{"id":1793,"date":"2021-01-17T14:42:21","date_gmt":"2021-01-17T13:42:21","guid":{"rendered":"http:\/\/www.nguyensao.fr\/?page_id=1793"},"modified":"2023-02-03T16:19:44","modified_gmt":"2023-02-03T15:19:44","slug":"avis-de-recherche","status":"publish","type":"page","link":"https:\/\/www.nguyensao.fr\/index.php\/fr\/avis-de-recherche\/","title":{"rendered":"Avis de recherche"},"content":{"rendered":"<p><strong>ORDINE DI RICERCA &#8211; OPERE SCOMPARSE<\/strong><\/p>\n<p><strong>AVIS DE RECHERCHE &#8211; \u0152UVRES DISPERS\u00c9ES<\/strong><\/p>\n<p>Nel 1974 una decina di quadri dipinti dal pittore-laccatore NGUYEN SAO (1915-2006) sono stati messi in un deposito di <strong>Treviso<\/strong> in vista di diverse esposizione. Non sono pi\u00f9 ritornati in Francia.<\/p>\n<p>En 1974, une dizaine de tableaux cr\u00e9\u00e9s par le peintre-laqueur NGUYEN SAO (1915-2006) ont \u00e9t\u00e9 mis en d\u00e9p\u00f4t \u00e0 <strong>Tr\u00e9vise (Italie)<\/strong> en vue d&rsquo;expositions. Ils ne sont pas revenus en France.<\/p>\n<p>I figli dell&rsquo;artista NGUYEN SAO sono alla ricerca dei detentori attuali di queste pitture su legno, in lacca naturale policroma.<\/p>\n<p>Les enfants de l&rsquo;artiste NGUYEN SAO recherchent les d\u00e9tenteurs actuels de ces peintures sur bois en laque naturelle polychrome.<\/p>\n<p>Nel caso troviate sul mercato o ad aste opere dell&rsquo;artista NGUYEN SAO, vi chiedo cortesemente di contattare :<\/p>\n<p>Au cas o\u00f9 des \u0153uvres sign\u00e9es \u00ab\u00a0<em><strong>NguyenSao<\/strong><\/em>\u00a0\u00bb passeraient en salles de ventes publiques, merci de prendre contact avec :<\/p>\n<ul>\n<li>Signora Mauricette NGUYEN di Pantin (Francia) &#8211; <em>mauricettenguyen931@yahoo.com<\/em><\/li>\n<li>Madame Mauricette NGUYEN \u00e0 Pantin (France) &#8211; <em>mauricettenguyen931@yahoo.com<\/em><\/li>\n<li>Signor R\u00e9my NGUYEN di Parigi (Francia) &#8211; <em>remynguyen752@yahoo.com<\/em><\/li>\n<li>Monsieur R\u00e9my NGUYEN \u00e0 Paris (France) &#8211; <em>remynguyen752@yahoo.com<\/em><\/li>\n<\/ul>\n<p>Ecco la lista dei quadri probabilmente presenti nella collezione. Qui di seguito trovate le reproduzioni delle opere indicate :<\/p>\n<p>Voici la liste des tableaux susceptibles de figurer dans cette collection et les reproductions de quelques uns d&rsquo;entre eux\u00a0 :<\/p>\n<p>1 &#8211; <em>Paysage de Thu Duc (fond rouge)<\/em> &#8211; Paesaggio di Thu Duc (fondo rosso)<\/p>\n<p>2 &#8211; <em>Thu Dau M\u00f4t, au bord de l&rsquo;eau<\/em> &#8211; Thu Dau M\u00f4t, a bordo acqua<\/p>\n<p>3 &#8211; <em>March\u00e9 de plein air, le soir (fond rouge)<\/em> &#8211; Il mercato, la sera (fondo rosso)<\/p>\n<p>4 &#8211;<em> L&rsquo;arroyo chinois, de Thi Nghe, le Donai (coquilles d&rsquo;oeuf)<\/em> &#8211; L&rsquo;arroyo cinese, di Thi Nghe, il Donai (guscio d&rsquo;uovo)<\/p>\n<figure id=\"attachment_1807\" aria-describedby=\"caption-attachment-1807\" style=\"width: 300px\" class=\"wp-caption aligncenter\"><a href=\"http:\/\/www.nguyensao.fr\/wp-content\/uploads\/2021\/02\/tableau-4-laque-italie.png\"><img loading=\"lazy\" decoding=\"async\" class=\"wp-image-1807 size-medium\" src=\"http:\/\/www.nguyensao.fr\/wp-content\/uploads\/2021\/02\/tableau-4-laque-italie-300x203.png\" alt=\"\" width=\"300\" height=\"203\" srcset=\"https:\/\/www.nguyensao.fr\/wp-content\/uploads\/2021\/02\/tableau-4-laque-italie-300x203.png 300w, https:\/\/www.nguyensao.fr\/wp-content\/uploads\/2021\/02\/tableau-4-laque-italie-1024x692.png 1024w, https:\/\/www.nguyensao.fr\/wp-content\/uploads\/2021\/02\/tableau-4-laque-italie-768x519.png 768w, https:\/\/www.nguyensao.fr\/wp-content\/uploads\/2021\/02\/tableau-4-laque-italie.png 1510w\" sizes=\"auto, (max-width: 300px) 100vw, 300px\" \/><\/a><figcaption id=\"caption-attachment-1807\" class=\"wp-caption-text\">L&rsquo;arroyo chinois<\/figcaption><\/figure>\n<p>5 &#8211;<em> Le port de Sa\u00efgon<\/em> &#8211; Il porto di Sa\u00efgon<\/p>\n<p>6 &#8211; <em>Les colombes, les colombes de la paix (fond rouge et or<\/em>) &#8211; Le colombe, le colombe della pace (fondo rosso e oro)<\/p>\n<figure id=\"attachment_1819\" aria-describedby=\"caption-attachment-1819\" style=\"width: 301px\" class=\"wp-caption aligncenter\"><a href=\"http:\/\/www.nguyensao.fr\/wp-content\/uploads\/2021\/02\/06_LesColombes_max50MOD.jpg\"><img loading=\"lazy\" decoding=\"async\" class=\"wp-image-1819\" src=\"http:\/\/www.nguyensao.fr\/wp-content\/uploads\/2021\/02\/06_LesColombes_max50MOD.jpg\" alt=\"\" width=\"301\" height=\"250\" \/><\/a><figcaption id=\"caption-attachment-1819\" class=\"wp-caption-text\">Les colombes de la paix<\/figcaption><\/figure>\n<p>7 &#8211; <em>Cigogne<\/em> &#8211; Cicogna<\/p>\n<figure id=\"attachment_1818\" aria-describedby=\"caption-attachment-1818\" style=\"width: 300px\" class=\"wp-caption aligncenter\"><a href=\"http:\/\/www.nguyensao.fr\/wp-content\/uploads\/2021\/02\/07_OiseauEtang_600rec-50-50MOD.jpg\"><img loading=\"lazy\" decoding=\"async\" class=\"wp-image-1818 size-medium\" src=\"http:\/\/www.nguyensao.fr\/wp-content\/uploads\/2021\/02\/07_OiseauEtang_600rec-50-50MOD-300x249.jpg\" alt=\"\" width=\"300\" height=\"249\" srcset=\"https:\/\/www.nguyensao.fr\/wp-content\/uploads\/2021\/02\/07_OiseauEtang_600rec-50-50MOD-300x249.jpg 300w, https:\/\/www.nguyensao.fr\/wp-content\/uploads\/2021\/02\/07_OiseauEtang_600rec-50-50MOD.jpg 417w\" sizes=\"auto, (max-width: 300px) 100vw, 300px\" \/><\/a><figcaption id=\"caption-attachment-1818\" class=\"wp-caption-text\">Cigogne<\/figcaption><\/figure>\n<p>8 &#8211; <em>Portrait du Christ (fond argent et laque<\/em>) &#8211; Rittrato di Cristo (fondo argento e lacca)<\/p>\n<figure id=\"attachment_1817\" aria-describedby=\"caption-attachment-1817\" style=\"width: 211px\" class=\"wp-caption aligncenter\"><a href=\"http:\/\/www.nguyensao.fr\/wp-content\/uploads\/2021\/02\/08_TeteChrist_600_recRed50MOD.jpg\"><img loading=\"lazy\" decoding=\"async\" class=\"wp-image-1817 size-medium\" src=\"http:\/\/www.nguyensao.fr\/wp-content\/uploads\/2021\/02\/08_TeteChrist_600_recRed50MOD-211x300.jpg\" alt=\"\" width=\"211\" height=\"300\" srcset=\"https:\/\/www.nguyensao.fr\/wp-content\/uploads\/2021\/02\/08_TeteChrist_600_recRed50MOD-211x300.jpg 211w, https:\/\/www.nguyensao.fr\/wp-content\/uploads\/2021\/02\/08_TeteChrist_600_recRed50MOD.jpg 408w\" sizes=\"auto, (max-width: 211px) 100vw, 211px\" \/><\/a><figcaption id=\"caption-attachment-1817\" class=\"wp-caption-text\">Portrait du Christ<\/figcaption><\/figure>\n<p>9 &#8211; <em>Marchands ambulants<\/em> &#8211; Mercanti ambulanti<\/p>\n<p>10 &#8211; <em>Portrait de Mlle Nga<\/em> &#8211; Rittrato di Mlle Nga<\/p>\n<figure id=\"attachment_1816\" aria-describedby=\"caption-attachment-1816\" style=\"width: 201px\" class=\"wp-caption aligncenter\"><a href=\"http:\/\/www.nguyensao.fr\/wp-content\/uploads\/2021\/02\/10_Nga_1200recRed-50-30MOD.jpg\"><img loading=\"lazy\" decoding=\"async\" class=\"wp-image-1816 size-medium\" src=\"http:\/\/www.nguyensao.fr\/wp-content\/uploads\/2021\/02\/10_Nga_1200recRed-50-30MOD-201x300.jpg\" alt=\"\" width=\"201\" height=\"300\" srcset=\"https:\/\/www.nguyensao.fr\/wp-content\/uploads\/2021\/02\/10_Nga_1200recRed-50-30MOD-201x300.jpg 201w, https:\/\/www.nguyensao.fr\/wp-content\/uploads\/2021\/02\/10_Nga_1200recRed-50-30MOD.jpg 244w\" sizes=\"auto, (max-width: 201px) 100vw, 201px\" \/><\/a><figcaption id=\"caption-attachment-1816\" class=\"wp-caption-text\">Portrait de Mlle Nga<\/figcaption><\/figure>\n<p>11 &#8211;<em> P\u00eacheur \u00e0 la ligne sur la rivi\u00e8re des Parfums<\/em> &#8211; Pescatore con la lenza sul fiume dei Profumi<\/p>\n<figure id=\"attachment_1847\" aria-describedby=\"caption-attachment-1847\" style=\"width: 300px\" class=\"wp-caption aligncenter\"><a href=\"http:\/\/www.nguyensao.fr\/wp-content\/uploads\/2021\/02\/11_PecheurBarque_600recRed60-50MOD.jpg\"><img loading=\"lazy\" decoding=\"async\" class=\"wp-image-1847 size-medium\" src=\"http:\/\/www.nguyensao.fr\/wp-content\/uploads\/2021\/02\/11_PecheurBarque_600recRed60-50MOD-300x213.jpg\" alt=\"\" width=\"300\" height=\"213\" srcset=\"https:\/\/www.nguyensao.fr\/wp-content\/uploads\/2021\/02\/11_PecheurBarque_600recRed60-50MOD-300x213.jpg 300w, https:\/\/www.nguyensao.fr\/wp-content\/uploads\/2021\/02\/11_PecheurBarque_600recRed60-50MOD.jpg 468w\" sizes=\"auto, (max-width: 300px) 100vw, 300px\" \/><\/a><figcaption id=\"caption-attachment-1847\" class=\"wp-caption-text\">P\u00eacheur \u00e0 la ligne<\/figcaption><\/figure>\n<p>12 &#8211;<em> Femme en pri\u00e8re<\/em> &#8211; Donna in preghiera<\/p>\n<p>13 &#8211;<em> Joueuse de guitare (ou de cithare)<\/em> &#8211; Suonatrice di chitarra (o di cetra)<\/p>\n<figure id=\"attachment_1814\" aria-describedby=\"caption-attachment-1814\" style=\"width: 300px\" class=\"wp-caption aligncenter\"><a href=\"http:\/\/www.nguyensao.fr\/wp-content\/uploads\/2021\/02\/13_JoueuseCithare_600rec50Mod.jpg\"><img loading=\"lazy\" decoding=\"async\" class=\"wp-image-1814 size-medium\" src=\"http:\/\/www.nguyensao.fr\/wp-content\/uploads\/2021\/02\/13_JoueuseCithare_600rec50Mod-300x243.jpg\" alt=\"\" width=\"300\" height=\"243\" srcset=\"https:\/\/www.nguyensao.fr\/wp-content\/uploads\/2021\/02\/13_JoueuseCithare_600rec50Mod-300x243.jpg 300w, https:\/\/www.nguyensao.fr\/wp-content\/uploads\/2021\/02\/13_JoueuseCithare_600rec50Mod.jpg 402w\" sizes=\"auto, (max-width: 300px) 100vw, 300px\" \/><\/a><figcaption id=\"caption-attachment-1814\" class=\"wp-caption-text\">Joueuse de cithare<\/figcaption><\/figure>\n<h6>Queste opere in lacca del periodo di Sa\u00efgon (1954-1972) protrebbero avere un sigillo vicino la firma dell&rsquo;autore \u00ab\u00a0<em>NguyenSao<\/em>\u00ab\u00a0.<\/h6>\n<p>Ces laques de la p\u00e9riode de Sa\u00efgon (1954-1972) peuvent comporter un <strong>sceau<\/strong> pr\u00e8s de la signature de l&rsquo;auteur \u00ab\u00a0<strong><em>NguyenSao<\/em><\/strong>\u00ab\u00a0.<\/p>\n<p>La signature de l&rsquo;artiste NGUYEN SAO a \u00e9volu\u00e9 avec le temps :<\/p>\n<ul>\n<li>Avant 1939, la signature exacte n&rsquo;est pas connue.<\/li>\n<li>Avant 1952-1953, cette signature est \u00ab\u00a0<em><strong>NGUYEN\u00a0\u00bb<\/strong><\/em>&#8211; \u00ab\u00a0<em><strong>NGUYEN SAO\u00a0\u00bb<\/strong><\/em> &#8211; \u00ab\u00a0<em><strong>SAO\u00a0\u00bb<\/strong><\/em> ou \u00ab\u00a0<em><strong>N. SAO\u00a0\u00bb<\/strong><\/em> (en lettres capitales).<\/li>\n<li>De 1954 \u00e0 1972, elle est\u00a0 parfois \u00ab\u00a0<em><strong>Ung Sao\u00a0\u00bb<\/strong><\/em>, puis le plus souvent \u00ab\u00a0<em><strong>NguyenSao\u00a0\u00bb<\/strong><\/em> .<\/li>\n<li>Apr\u00e8s 1972 \u00e0 Paris, la signature est \u00ab\u00a0<em><strong>NguyenSao\u00a0\u00bb<\/strong><\/em>, \u00ab\u00a0<em><strong>Nguyen Sao Paul\u00a0\u00bb<\/strong><\/em>, \u00ab\u00a0<em><strong>P. Nguyen\u00a0\u00bb<\/strong><\/em> ou \u00ab\u00a0<em><strong>Paul Nguyen Sao\u00a0\u00bb<\/strong><\/em> .<\/li>\n<\/ul>\n<p>Cependant, la signature la plus fr\u00e9quente est \u00ab\u00a0<em><strong>NguyenSao\u00a0\u00bb<\/strong><\/em>, et il faut noter que beaucoup d\u2019\u0153uvres ne sont pas sign\u00e9es.<\/p>\n","protected":false},"excerpt":{"rendered":"<p>ORDINE DI RICERCA &#8211; OPERE SCOMPARSE AVIS DE RECHERCHE &#8211; \u0152UVRES DISPERS\u00c9ES Nel 1974 una decina di quadri dipinti dal pittore-laccatore NGUYEN SAO (1915-2006) sono stati messi in un deposito di Treviso in vista di diverse esposizione. Non sono pi\u00f9 ritornati in Francia. En 1974, une dizaine de tableaux cr\u00e9\u00e9s par le peintre-laqueur NGUYEN SAO &hellip; <a href=\"https:\/\/www.nguyensao.fr\/index.php\/fr\/avis-de-recherche\/\" class=\"more-link\">Continuer la lecture de <span class=\"screen-reader-text\">Avis de recherche<\/span> <span class=\"meta-nav\">&rarr;<\/span><\/a><\/p>\n","protected":false},"author":1,"featured_media":0,"parent":0,"menu_order":0,"comment_status":"closed","ping_status":"closed","template":"","meta":{"iawp_total_views":66,"footnotes":""},"class_list":["post-1793","page","type-page","status-publish","hentry"],"yoast_head":"<!-- This site is optimized with the Yoast SEO plugin v27.5 - https:\/\/yoast.com\/product\/yoast-seo-wordpress\/ -->\n<title>Avis de recherche - Nguyen Sao<\/title>\n<meta name=\"robots\" content=\"index, follow, max-snippet:-1, max-image-preview:large, max-video-preview:-1\" \/>\n<link rel=\"canonical\" href=\"https:\/\/www.nguyensao.fr\/index.php\/fr\/avis-de-recherche\/\" \/>\n<meta property=\"og:locale\" content=\"fr_FR\" \/>\n<meta property=\"og:type\" content=\"article\" \/>\n<meta property=\"og:title\" content=\"Avis de recherche - Nguyen Sao\" \/>\n<meta property=\"og:description\" content=\"ORDINE DI RICERCA &#8211; OPERE SCOMPARSE AVIS DE RECHERCHE &#8211; \u0152UVRES DISPERS\u00c9ES Nel 1974 una decina di quadri dipinti dal pittore-laccatore NGUYEN SAO (1915-2006) sono stati messi in un deposito di Treviso in vista di diverse esposizione. Non sono pi\u00f9 ritornati in Francia. En 1974, une dizaine de tableaux cr\u00e9\u00e9s par le peintre-laqueur NGUYEN SAO &hellip; Continuer la lecture de Avis de recherche &rarr;\" \/>\n<meta property=\"og:url\" content=\"https:\/\/www.nguyensao.fr\/index.php\/fr\/avis-de-recherche\/\" \/>\n<meta property=\"og:site_name\" content=\"Nguyen Sao\" \/>\n<meta property=\"article:modified_time\" content=\"2023-02-03T15:19:44+00:00\" \/>\n<meta property=\"og:image\" content=\"http:\/\/www.nguyensao.fr\/wp-content\/uploads\/2021\/02\/tableau-4-laque-italie-300x203.png\" \/>\n<meta name=\"twitter:card\" content=\"summary_large_image\" \/>\n<meta name=\"twitter:label1\" content=\"Dur\u00e9e de lecture estim\u00e9e\" \/>\n\t<meta name=\"twitter:data1\" content=\"5 minutes\" \/>\n<script type=\"application\/ld+json\" class=\"yoast-schema-graph\">{\"@context\":\"https:\\\/\\\/schema.org\",\"@graph\":[{\"@type\":\"WebPage\",\"@id\":\"https:\\\/\\\/www.nguyensao.fr\\\/index.php\\\/fr\\\/avis-de-recherche\\\/\",\"url\":\"https:\\\/\\\/www.nguyensao.fr\\\/index.php\\\/fr\\\/avis-de-recherche\\\/\",\"name\":\"Avis de recherche - Nguyen Sao\",\"isPartOf\":{\"@id\":\"https:\\\/\\\/www.nguyensao.fr\\\/#website\"},\"primaryImageOfPage\":{\"@id\":\"https:\\\/\\\/www.nguyensao.fr\\\/index.php\\\/fr\\\/avis-de-recherche\\\/#primaryimage\"},\"image\":{\"@id\":\"https:\\\/\\\/www.nguyensao.fr\\\/index.php\\\/fr\\\/avis-de-recherche\\\/#primaryimage\"},\"thumbnailUrl\":\"http:\\\/\\\/www.nguyensao.fr\\\/wp-content\\\/uploads\\\/2021\\\/02\\\/tableau-4-laque-italie-300x203.png\",\"datePublished\":\"2021-01-17T13:42:21+00:00\",\"dateModified\":\"2023-02-03T15:19:44+00:00\",\"inLanguage\":\"fr-FR\",\"potentialAction\":[{\"@type\":\"ReadAction\",\"target\":[\"https:\\\/\\\/www.nguyensao.fr\\\/index.php\\\/fr\\\/avis-de-recherche\\\/\"]}]},{\"@type\":\"ImageObject\",\"inLanguage\":\"fr-FR\",\"@id\":\"https:\\\/\\\/www.nguyensao.fr\\\/index.php\\\/fr\\\/avis-de-recherche\\\/#primaryimage\",\"url\":\"https:\\\/\\\/www.nguyensao.fr\\\/wp-content\\\/uploads\\\/2021\\\/02\\\/tableau-4-laque-italie.png\",\"contentUrl\":\"https:\\\/\\\/www.nguyensao.fr\\\/wp-content\\\/uploads\\\/2021\\\/02\\\/tableau-4-laque-italie.png\",\"width\":1510,\"height\":1020,\"caption\":\"L'arroyo chinois\"},{\"@type\":\"WebSite\",\"@id\":\"https:\\\/\\\/www.nguyensao.fr\\\/#website\",\"url\":\"https:\\\/\\\/www.nguyensao.fr\\\/\",\"name\":\"Nguyen Sao\",\"description\":\"Un artiste aux multiples facettes\",\"potentialAction\":[{\"@type\":\"SearchAction\",\"target\":{\"@type\":\"EntryPoint\",\"urlTemplate\":\"https:\\\/\\\/www.nguyensao.fr\\\/?s={search_term_string}\"},\"query-input\":{\"@type\":\"PropertyValueSpecification\",\"valueRequired\":true,\"valueName\":\"search_term_string\"}}],\"inLanguage\":\"fr-FR\"}]}<\/script>\n<!-- \/ Yoast SEO plugin. -->","yoast_head_json":{"title":"Avis de recherche - Nguyen Sao","robots":{"index":"index","follow":"follow","max-snippet":"max-snippet:-1","max-image-preview":"max-image-preview:large","max-video-preview":"max-video-preview:-1"},"canonical":"https:\/\/www.nguyensao.fr\/index.php\/fr\/avis-de-recherche\/","og_locale":"fr_FR","og_type":"article","og_title":"Avis de recherche - Nguyen Sao","og_description":"ORDINE DI RICERCA &#8211; OPERE SCOMPARSE AVIS DE RECHERCHE &#8211; \u0152UVRES DISPERS\u00c9ES Nel 1974 una decina di quadri dipinti dal pittore-laccatore NGUYEN SAO (1915-2006) sono stati messi in un deposito di Treviso in vista di diverse esposizione. Non sono pi\u00f9 ritornati in Francia. En 1974, une dizaine de tableaux cr\u00e9\u00e9s par le peintre-laqueur NGUYEN SAO &hellip; Continuer la lecture de Avis de recherche &rarr;","og_url":"https:\/\/www.nguyensao.fr\/index.php\/fr\/avis-de-recherche\/","og_site_name":"Nguyen Sao","article_modified_time":"2023-02-03T15:19:44+00:00","og_image":[{"url":"http:\/\/www.nguyensao.fr\/wp-content\/uploads\/2021\/02\/tableau-4-laque-italie-300x203.png","type":"","width":"","height":""}],"twitter_card":"summary_large_image","twitter_misc":{"Dur\u00e9e de lecture estim\u00e9e":"5 minutes"},"schema":{"@context":"https:\/\/schema.org","@graph":[{"@type":"WebPage","@id":"https:\/\/www.nguyensao.fr\/index.php\/fr\/avis-de-recherche\/","url":"https:\/\/www.nguyensao.fr\/index.php\/fr\/avis-de-recherche\/","name":"Avis de recherche - Nguyen Sao","isPartOf":{"@id":"https:\/\/www.nguyensao.fr\/#website"},"primaryImageOfPage":{"@id":"https:\/\/www.nguyensao.fr\/index.php\/fr\/avis-de-recherche\/#primaryimage"},"image":{"@id":"https:\/\/www.nguyensao.fr\/index.php\/fr\/avis-de-recherche\/#primaryimage"},"thumbnailUrl":"http:\/\/www.nguyensao.fr\/wp-content\/uploads\/2021\/02\/tableau-4-laque-italie-300x203.png","datePublished":"2021-01-17T13:42:21+00:00","dateModified":"2023-02-03T15:19:44+00:00","inLanguage":"fr-FR","potentialAction":[{"@type":"ReadAction","target":["https:\/\/www.nguyensao.fr\/index.php\/fr\/avis-de-recherche\/"]}]},{"@type":"ImageObject","inLanguage":"fr-FR","@id":"https:\/\/www.nguyensao.fr\/index.php\/fr\/avis-de-recherche\/#primaryimage","url":"https:\/\/www.nguyensao.fr\/wp-content\/uploads\/2021\/02\/tableau-4-laque-italie.png","contentUrl":"https:\/\/www.nguyensao.fr\/wp-content\/uploads\/2021\/02\/tableau-4-laque-italie.png","width":1510,"height":1020,"caption":"L'arroyo chinois"},{"@type":"WebSite","@id":"https:\/\/www.nguyensao.fr\/#website","url":"https:\/\/www.nguyensao.fr\/","name":"Nguyen Sao","description":"Un artiste aux multiples facettes","potentialAction":[{"@type":"SearchAction","target":{"@type":"EntryPoint","urlTemplate":"https:\/\/www.nguyensao.fr\/?s={search_term_string}"},"query-input":{"@type":"PropertyValueSpecification","valueRequired":true,"valueName":"search_term_string"}}],"inLanguage":"fr-FR"}]}},"_links":{"self":[{"href":"https:\/\/www.nguyensao.fr\/index.php\/wp-json\/wp\/v2\/pages\/1793","targetHints":{"allow":["GET"]}}],"collection":[{"href":"https:\/\/www.nguyensao.fr\/index.php\/wp-json\/wp\/v2\/pages"}],"about":[{"href":"https:\/\/www.nguyensao.fr\/index.php\/wp-json\/wp\/v2\/types\/page"}],"author":[{"embeddable":true,"href":"https:\/\/www.nguyensao.fr\/index.php\/wp-json\/wp\/v2\/users\/1"}],"replies":[{"embeddable":true,"href":"https:\/\/www.nguyensao.fr\/index.php\/wp-json\/wp\/v2\/comments?post=1793"}],"version-history":[{"count":49,"href":"https:\/\/www.nguyensao.fr\/index.php\/wp-json\/wp\/v2\/pages\/1793\/revisions"}],"predecessor-version":[{"id":1873,"href":"https:\/\/www.nguyensao.fr\/index.php\/wp-json\/wp\/v2\/pages\/1793\/revisions\/1873"}],"wp:attachment":[{"href":"https:\/\/www.nguyensao.fr\/index.php\/wp-json\/wp\/v2\/media?parent=1793"}],"curies":[{"name":"wp","href":"https:\/\/api.w.org\/{rel}","templated":true}]}}