{"id":50,"date":"2015-10-20T14:39:35","date_gmt":"2015-10-20T13:39:35","guid":{"rendered":"http:\/\/www.nguyensao.fr\/?page_id=50"},"modified":"2025-06-08T09:15:49","modified_gmt":"2025-06-08T08:15:49","slug":"sa-vie","status":"publish","type":"page","link":"https:\/\/www.nguyensao.fr\/index.php\/fr\/sa-vie\/","title":{"rendered":"Sa vie"},"content":{"rendered":"<p>Orphelin de p\u00e8re, il montre tr\u00e8s t\u00f4t des dispositions naturelles pour le dessin et \u00e0 l\u2019\u00e2ge adulte, il entreprend des \u00e9tudes artistiques \u00e0 l\u2019\u00c9cole d\u2019art appliqu\u00e9 de <a href=\"http:\/\/truongvegiadinh.blogspot.fr\/2012\/04\/hoa-si-nguyen-sao_07.html\" target=\"_blank\" rel=\"noopener\">Gia-Dinh<\/a> o\u00f9 il suit l\u2019enseignement de <strong><a href=\"https:\/\/fr.wikipedia.org\/wiki\/Jules-Gustave_Besson\" target=\"_blank\" rel=\"noopener\">Jules G. Besson<\/a><\/strong> (1868 \u2013 1942), peintre naturaliste fran\u00e7ais.<\/p>\n<p>Il en sort dipl\u00f4m\u00e9 en 1935 et d\u00e9bute une carri\u00e8re professionnelle dans la d\u00e9coration d\u2019un th\u00e9\u00e2tre ambulant dans le Sud Vi\u00eat-Nam, puis dans l&rsquo;enseignement du dessin \u00e0 l\u2019\u00c9cole Primaire Sup\u00e9rieure de Ph\u00fa Xu\u00e2n (Hu\u00ea 1938-1939)<\/p>\n<p><em>\u00a0<\/em>A la veille de la seconde guerre mondiale (d\u00e9cembre 1939), il est mobilis\u00e9 et part pour la France dans le corps des \u00ab\u00a0<em><a href=\"http:\/\/www.travailleurs-indochinois.org\/\" target=\"_blank\" rel=\"noopener\">Travailleurs Indochinois<\/a><\/em>\u00a0\u00bb ; il est envoy\u00e9 comme interpr\u00e8te \u00e0 la Poudrerie nationale d\u2019Angoul\u00eame. C\u2019est dans cette ville qu\u2019il rencontre<strong>\u00a0<a href=\"https:\/\/inventaire.poitou-charentes.fr\/operations\/femmes-celebres-de-poitou-charentes\/303-decouvertes\/513-marie-baranger-une-peintre-fresquiste-voyageuse\" target=\"_blank\" rel=\"noopener\">Marie Baranger<\/a> <\/strong>, peintre fresquiste d\u2019art sacr\u00e9, \u00e9l\u00e8ve de<strong> <a href=\"https:\/\/fr.wikipedia.org\/wiki\/Maurice_Denis\" target=\"_blank\" rel=\"noopener\">Maurice Denis<\/a><\/strong>, qui l\u2019encouragera \u00e0 poursuivre des \u00e9tudes artistiques.<\/p>\n<p>Apr\u00e8s l\u2019armistice, il rejoint la zone libre et le camp de <a href=\"http:\/\/www.nguyensao.fr\/?page_id=1179&amp;lang=fr\" target=\"_blank\" rel=\"noopener\">Sorgues<\/a> o\u00f9 il dirige la Maison artisanale de la 3<sup>\u00e8me<\/sup> l\u00e9gion des Travailleurs Indochinois. Durant ce s\u00e9jour dans le Vaucluse, il s\u2019inscrit aux cours de l\u2019\u00c9cole municipale des beaux-arts d\u2019Avignon dirig\u00e9 par <strong><a href=\"https:\/\/fr.wikipedia.org\/wiki\/Claude_Firmin\" target=\"_blank\" rel=\"noopener\">Claude Firmin<\/a><\/strong>, un ma\u00eetre proven\u00e7al qui devient un ami.<\/p>\n<figure id=\"attachment_1182\" aria-describedby=\"caption-attachment-1182\" style=\"width: 222px\" class=\"wp-caption aligncenter\"><a href=\"http:\/\/www.nguyensao.fr\/wp-content\/uploads\/2015\/10\/sorgues-1941.jpg\"><img loading=\"lazy\" decoding=\"async\" class=\"wp-image-1182 size-medium\" src=\"http:\/\/www.nguyensao.fr\/wp-content\/uploads\/2015\/10\/sorgues-1941-222x300.jpg\" alt=\"sorgues-1941\" width=\"222\" height=\"300\" srcset=\"https:\/\/www.nguyensao.fr\/wp-content\/uploads\/2015\/10\/sorgues-1941-222x300.jpg 222w, https:\/\/www.nguyensao.fr\/wp-content\/uploads\/2015\/10\/sorgues-1941-768x1038.jpg 768w, https:\/\/www.nguyensao.fr\/wp-content\/uploads\/2015\/10\/sorgues-1941-758x1024.jpg 758w, https:\/\/www.nguyensao.fr\/wp-content\/uploads\/2015\/10\/sorgues-1941.jpg 1350w\" sizes=\"auto, (max-width: 222px) 100vw, 222px\" \/><\/a><figcaption id=\"caption-attachment-1182\" class=\"wp-caption-text\">Sorgues, 1941<\/figcaption><\/figure>\n<p>En 1943, il est mut\u00e9 \u00e0 Paris, ce qui lui permet de suivre en parall\u00e8le les cours de l\u2019\u00c9cole nationale sup\u00e9rieure des beaux-arts (ENSBA) dans l\u2019atelier de <strong><a href=\"https:\/\/fr.wikipedia.org\/wiki\/Nicolas_Untersteller\" target=\"_blank\" rel=\"noopener\">Nicolas Untersteller,<\/a><\/strong> puis plus tard en 1945, ceux de l\u2019\u00c9cole nationale sup\u00e9rieure des arts d\u00e9coratifs (ENSAD). Il r\u00e9alise ainsi son r\u00eave de jeunesse et durant cette p\u00e9riode parisienne d&rsquo;apr\u00e8s-guerre, il c\u00f4toie d&rsquo;autres artistes, des compatriotes, des fran\u00e7ais et \u00e9galement des \u00e9trangers. C&rsquo;est aussi \u00e0 Paris qu&rsquo;il rencontre une parisienne originaire d&rsquo;Auvergne qu&rsquo;il \u00e9pouse en 1946.<\/p>\n<figure id=\"attachment_241\" aria-describedby=\"caption-attachment-241\" style=\"width: 300px\" class=\"wp-caption aligncenter\"><a href=\"http:\/\/www.nguyensao.fr\/wp-content\/uploads\/2015\/11\/1945_0000_vers_nonDate_BdMontparnasse_bas.jpg\"><img loading=\"lazy\" decoding=\"async\" class=\"size-medium wp-image-241\" src=\"http:\/\/www.nguyensao.fr\/wp-content\/uploads\/2015\/11\/1945_0000_vers_nonDate_BdMontparnasse_bas-300x194.jpg\" alt=\"Paris Montparnasse, 1945\" width=\"300\" height=\"194\" srcset=\"https:\/\/www.nguyensao.fr\/wp-content\/uploads\/2015\/11\/1945_0000_vers_nonDate_BdMontparnasse_bas-300x194.jpg 300w, https:\/\/www.nguyensao.fr\/wp-content\/uploads\/2015\/11\/1945_0000_vers_nonDate_BdMontparnasse_bas.jpg 475w\" sizes=\"auto, (max-width: 300px) 100vw, 300px\" \/><\/a><figcaption id=\"caption-attachment-241\" class=\"wp-caption-text\">Paris Montparnasse, 1946<\/figcaption><\/figure>\n<p>Enrichi par cette exp\u00e9rience en tant qu&rsquo;artiste, il rentre dans son pays treize ann\u00e9es apr\u00e8s son d\u00e9part, et est nomm\u00e9 \u00e0 l\u2019\u00c9cole des arts appliqu\u00e9s de Hano\u00ef (1952-1954).<\/p>\n<p>Fin 1954, il arrive \u00e0 Sa\u00efgon et jusqu\u2019en 1972, il cr\u00e9e et expose tout en menant en parall\u00e8le une carri\u00e8re d\u2019enseignant \u00e0 l\u2019\u00c9cole nationale sup\u00e9rieure des beaux-arts de <a href=\"http:\/\/truongvegiadinh.blogspot.fr\/2012\/04\/hoa-si-nguyen-sao_07.html\" target=\"_blank\" rel=\"noopener\">Gia-Dinh<\/a> (1954-1964) puis aux lyc\u00e9es Marie-Curie et Regina Mundi (1964-1972). Ce sont les ann\u00e9es sa\u00efgonnaises, les plus f\u00e9condes, durant lesquelles son talent s\u2019est exprim\u00e9 dans toute sa pl\u00e9nitude.<\/p>\n<p>C\u2019est surtout pendant cette p\u00e9riode qu\u2019il abordera le laque comme une peinture en exploitant des mat\u00e9riaux naturels (coquilles d\u2019\u0153uf, nacre) tout en respectant les \u00e9tapes de la technique traditionnelle (<span style=\"color: #800000;\">voir rubrique <em>Laques<\/em><\/span>) et qu\u2019il d\u00e9voilera ses talents de sculpteur. En effet, il recevra des commandes de sculptures, notamment les statues de Jeanne d\u2019Arc et de Sainte-Th\u00e9r\u00e8se de l\u2019enfant J\u00e9sus pour la Chapelle de l\u2019H\u00f4pital Grall \u00e0 Sa\u00efgon et dans ce m\u00eame h\u00f4pital, la st\u00e8le bas-relief en bronze \u00e9rig\u00e9e en hommage aux m\u00e9decins fran\u00e7ais <strong><a href=\"https:\/\/fr.wikipedia.org\/wiki\/Albert_Calmette\" target=\"_blank\" rel=\"noopener\">Calmette<\/a> <\/strong>et<strong> <a href=\"https:\/\/fr.wikipedia.org\/wiki\/Alexandre_Yersin\" target=\"_blank\" rel=\"noopener\">Yersin<\/a><\/strong>.<\/p>\n<p>1972 est l\u2019ann\u00e9e de son retour en France o\u00f9 il rejoint ses enfants, et jusqu\u2019aux derni\u00e8res ann\u00e9es de sa vie il continuera inlassablement \u00e0 peindre et \u00e0 exposer en Ile-de-France, en province et \u00e0 l\u2019\u00e9tranger (Italie \u2013 Espagne \u2013 Belgique \u2013 Japon). Pendant ces premi\u00e8res ann\u00e9es \u00e0 Paris, il se remet \u00e0 la gravure, sa formation initiale, et il collabore avec un atelier de fabrication de meubles de laque en tant que dessinateur-d\u00e9corateur.<\/p>\n<figure id=\"attachment_356\" aria-describedby=\"caption-attachment-356\" style=\"width: 255px\" class=\"wp-caption aligncenter\"><a href=\"http:\/\/www.nguyensao.fr\/wp-content\/uploads\/2015\/11\/1977_1230_versLe_atelier24_bas.jpg\"><img loading=\"lazy\" decoding=\"async\" class=\" wp-image-356\" src=\"http:\/\/www.nguyensao.fr\/wp-content\/uploads\/2015\/11\/1977_1230_versLe_atelier24_bas-300x212.jpg\" alt=\"Dans son atelier, Paris (1977)\" width=\"255\" height=\"180\" srcset=\"https:\/\/www.nguyensao.fr\/wp-content\/uploads\/2015\/11\/1977_1230_versLe_atelier24_bas-300x212.jpg 300w, https:\/\/www.nguyensao.fr\/wp-content\/uploads\/2015\/11\/1977_1230_versLe_atelier24_bas-1024x725.jpg 1024w, https:\/\/www.nguyensao.fr\/wp-content\/uploads\/2015\/11\/1977_1230_versLe_atelier24_bas.jpg 1047w\" sizes=\"auto, (max-width: 255px) 100vw, 255px\" \/><\/a><figcaption id=\"caption-attachment-356\" class=\"wp-caption-text\">Dans son atelier, Paris 1977<\/figcaption><\/figure>\n<p>Au cr\u00e9puscule de sa vie, il utilise\u00a0 surtout le pastel, pigments qu\u2019il emm\u00e8ne avec lui lors de s\u00e9jours en province, et notamment en Auvergne, le pays de sa femme. En \u00e9t\u00e9 1999, il fait un ultime voyage au Vi\u00eat-Nam, durant lequel il revoit une partie de sa famille, son village natal et la maison de culte familial \u00e0 V\u1ef9-D\u1ea1, o\u00f9 sont expos\u00e9es quelques unes de ses \u0153uvres, dont un portrait \u00e0 l\u2019huile du Prince po\u00e8te Tuy-L\u00fd.<\/p>\n<figure id=\"attachment_1619\" aria-describedby=\"caption-attachment-1619\" style=\"width: 205px\" class=\"wp-caption aligncenter\"><a href=\"http:\/\/www.nguyensao.fr\/wp-content\/uploads\/2016\/06\/tuy-ly-vuong.jpg\"><img loading=\"lazy\" decoding=\"async\" class=\"wp-image-1619 size-medium\" src=\"http:\/\/www.nguyensao.fr\/wp-content\/uploads\/2016\/06\/tuy-ly-vuong-205x300.jpg\" alt=\"tuy-ly-vuong\" width=\"205\" height=\"300\" srcset=\"https:\/\/www.nguyensao.fr\/wp-content\/uploads\/2016\/06\/tuy-ly-vuong-205x300.jpg 205w, https:\/\/www.nguyensao.fr\/wp-content\/uploads\/2016\/06\/tuy-ly-vuong.jpg 564w\" sizes=\"auto, (max-width: 205px) 100vw, 205px\" \/><\/a><figcaption id=\"caption-attachment-1619\" class=\"wp-caption-text\">Le prince po\u00e8te Tuy L\u00fd, huile sur toile (Hu\u00e9 1997)<\/figcaption><\/figure>\n<p>Frapp\u00e9 progressivement de c\u00e9cit\u00e9 vers la fin des ann\u00e9es 1990, il s\u2019arr\u00eate peu \u00e0 peu de cr\u00e9er et il s\u2019\u00e9teint \u00e0 Paris en Janvier 2006.<\/p>\n","protected":false},"excerpt":{"rendered":"<p>Orphelin de p\u00e8re, il montre tr\u00e8s t\u00f4t des dispositions naturelles pour le dessin et \u00e0 l\u2019\u00e2ge adulte, il entreprend des \u00e9tudes artistiques \u00e0 l\u2019\u00c9cole d\u2019art appliqu\u00e9 de Gia-Dinh o\u00f9 il suit l\u2019enseignement de Jules G. Besson (1868 \u2013 1942), peintre naturaliste fran\u00e7ais. Il en sort dipl\u00f4m\u00e9 en 1935 et d\u00e9bute une carri\u00e8re professionnelle dans la &hellip; <a href=\"https:\/\/www.nguyensao.fr\/index.php\/fr\/sa-vie\/\" class=\"more-link\">Continuer la lecture de <span class=\"screen-reader-text\">Sa vie<\/span> <span class=\"meta-nav\">&rarr;<\/span><\/a><\/p>\n","protected":false},"author":1,"featured_media":0,"parent":0,"menu_order":0,"comment_status":"closed","ping_status":"closed","template":"full-width-page.php","meta":{"iawp_total_views":74,"footnotes":""},"class_list":["post-50","page","type-page","status-publish","hentry"],"yoast_head":"<!-- This site is optimized with the Yoast SEO plugin v27.5 - https:\/\/yoast.com\/product\/yoast-seo-wordpress\/ -->\n<title>Biographie de nguyensao et ces influences<\/title>\n<meta name=\"description\" content=\"Orphelin de p\u00e8re, il montre tr\u00e8s t\u00f4t des dispositions naturelles pour le dessin, il entreprend des \u00e9tudes artistiques \u00e0 l\u2019\u00c9cole d\u2019art appliqu\u00e9 de Gia-Dinh\" \/>\n<meta name=\"robots\" content=\"index, follow, max-snippet:-1, max-image-preview:large, max-video-preview:-1\" \/>\n<link rel=\"canonical\" href=\"https:\/\/www.nguyensao.fr\/index.php\/fr\/sa-vie\/\" \/>\n<meta property=\"og:locale\" content=\"fr_FR\" \/>\n<meta property=\"og:type\" content=\"article\" \/>\n<meta property=\"og:title\" content=\"Biographie de nguyensao et ces influences\" \/>\n<meta property=\"og:description\" content=\"Orphelin de p\u00e8re, il montre tr\u00e8s t\u00f4t des dispositions naturelles pour le dessin, il entreprend des \u00e9tudes artistiques \u00e0 l\u2019\u00c9cole d\u2019art appliqu\u00e9 de Gia-Dinh\" \/>\n<meta property=\"og:url\" content=\"https:\/\/www.nguyensao.fr\/index.php\/fr\/sa-vie\/\" \/>\n<meta property=\"og:site_name\" content=\"Nguyen Sao\" \/>\n<meta property=\"article:modified_time\" content=\"2025-06-08T08:15:49+00:00\" \/>\n<meta property=\"og:image\" content=\"http:\/\/www.nguyensao.fr\/wp-content\/uploads\/2015\/10\/sorgues-1941-222x300.jpg\" \/>\n<meta name=\"twitter:card\" content=\"summary_large_image\" \/>\n<meta name=\"twitter:label1\" content=\"Dur\u00e9e de lecture estim\u00e9e\" \/>\n\t<meta name=\"twitter:data1\" content=\"5 minutes\" \/>\n<script type=\"application\/ld+json\" class=\"yoast-schema-graph\">{\"@context\":\"https:\\\/\\\/schema.org\",\"@graph\":[{\"@type\":\"WebPage\",\"@id\":\"https:\\\/\\\/www.nguyensao.fr\\\/index.php\\\/fr\\\/sa-vie\\\/\",\"url\":\"https:\\\/\\\/www.nguyensao.fr\\\/index.php\\\/fr\\\/sa-vie\\\/\",\"name\":\"Biographie de nguyensao et ces influences\",\"isPartOf\":{\"@id\":\"https:\\\/\\\/www.nguyensao.fr\\\/#website\"},\"primaryImageOfPage\":{\"@id\":\"https:\\\/\\\/www.nguyensao.fr\\\/index.php\\\/fr\\\/sa-vie\\\/#primaryimage\"},\"image\":{\"@id\":\"https:\\\/\\\/www.nguyensao.fr\\\/index.php\\\/fr\\\/sa-vie\\\/#primaryimage\"},\"thumbnailUrl\":\"http:\\\/\\\/www.nguyensao.fr\\\/wp-content\\\/uploads\\\/2015\\\/10\\\/sorgues-1941-222x300.jpg\",\"datePublished\":\"2015-10-20T13:39:35+00:00\",\"dateModified\":\"2025-06-08T08:15:49+00:00\",\"description\":\"Orphelin de p\u00e8re, il montre tr\u00e8s t\u00f4t des dispositions naturelles pour le dessin, il entreprend des \u00e9tudes artistiques \u00e0 l\u2019\u00c9cole d\u2019art appliqu\u00e9 de Gia-Dinh\",\"inLanguage\":\"fr-FR\",\"potentialAction\":[{\"@type\":\"ReadAction\",\"target\":[\"https:\\\/\\\/www.nguyensao.fr\\\/index.php\\\/fr\\\/sa-vie\\\/\"]}]},{\"@type\":\"ImageObject\",\"inLanguage\":\"fr-FR\",\"@id\":\"https:\\\/\\\/www.nguyensao.fr\\\/index.php\\\/fr\\\/sa-vie\\\/#primaryimage\",\"url\":\"https:\\\/\\\/www.nguyensao.fr\\\/wp-content\\\/uploads\\\/2015\\\/10\\\/sorgues-1941.jpg\",\"contentUrl\":\"https:\\\/\\\/www.nguyensao.fr\\\/wp-content\\\/uploads\\\/2015\\\/10\\\/sorgues-1941.jpg\",\"width\":1350,\"height\":1824,\"caption\":\"sorgues-1941\"},{\"@type\":\"WebSite\",\"@id\":\"https:\\\/\\\/www.nguyensao.fr\\\/#website\",\"url\":\"https:\\\/\\\/www.nguyensao.fr\\\/\",\"name\":\"Nguyen Sao\",\"description\":\"Un artiste aux multiples facettes\",\"potentialAction\":[{\"@type\":\"SearchAction\",\"target\":{\"@type\":\"EntryPoint\",\"urlTemplate\":\"https:\\\/\\\/www.nguyensao.fr\\\/?s={search_term_string}\"},\"query-input\":{\"@type\":\"PropertyValueSpecification\",\"valueRequired\":true,\"valueName\":\"search_term_string\"}}],\"inLanguage\":\"fr-FR\"}]}<\/script>\n<!-- \/ Yoast SEO plugin. -->","yoast_head_json":{"title":"Biographie de nguyensao et ces influences","description":"Orphelin de p\u00e8re, il montre tr\u00e8s t\u00f4t des dispositions naturelles pour le dessin, il entreprend des \u00e9tudes artistiques \u00e0 l\u2019\u00c9cole d\u2019art appliqu\u00e9 de Gia-Dinh","robots":{"index":"index","follow":"follow","max-snippet":"max-snippet:-1","max-image-preview":"max-image-preview:large","max-video-preview":"max-video-preview:-1"},"canonical":"https:\/\/www.nguyensao.fr\/index.php\/fr\/sa-vie\/","og_locale":"fr_FR","og_type":"article","og_title":"Biographie de nguyensao et ces influences","og_description":"Orphelin de p\u00e8re, il montre tr\u00e8s t\u00f4t des dispositions naturelles pour le dessin, il entreprend des \u00e9tudes artistiques \u00e0 l\u2019\u00c9cole d\u2019art appliqu\u00e9 de Gia-Dinh","og_url":"https:\/\/www.nguyensao.fr\/index.php\/fr\/sa-vie\/","og_site_name":"Nguyen Sao","article_modified_time":"2025-06-08T08:15:49+00:00","og_image":[{"url":"http:\/\/www.nguyensao.fr\/wp-content\/uploads\/2015\/10\/sorgues-1941-222x300.jpg","type":"","width":"","height":""}],"twitter_card":"summary_large_image","twitter_misc":{"Dur\u00e9e de lecture estim\u00e9e":"5 minutes"},"schema":{"@context":"https:\/\/schema.org","@graph":[{"@type":"WebPage","@id":"https:\/\/www.nguyensao.fr\/index.php\/fr\/sa-vie\/","url":"https:\/\/www.nguyensao.fr\/index.php\/fr\/sa-vie\/","name":"Biographie de nguyensao et ces influences","isPartOf":{"@id":"https:\/\/www.nguyensao.fr\/#website"},"primaryImageOfPage":{"@id":"https:\/\/www.nguyensao.fr\/index.php\/fr\/sa-vie\/#primaryimage"},"image":{"@id":"https:\/\/www.nguyensao.fr\/index.php\/fr\/sa-vie\/#primaryimage"},"thumbnailUrl":"http:\/\/www.nguyensao.fr\/wp-content\/uploads\/2015\/10\/sorgues-1941-222x300.jpg","datePublished":"2015-10-20T13:39:35+00:00","dateModified":"2025-06-08T08:15:49+00:00","description":"Orphelin de p\u00e8re, il montre tr\u00e8s t\u00f4t des dispositions naturelles pour le dessin, il entreprend des \u00e9tudes artistiques \u00e0 l\u2019\u00c9cole d\u2019art appliqu\u00e9 de Gia-Dinh","inLanguage":"fr-FR","potentialAction":[{"@type":"ReadAction","target":["https:\/\/www.nguyensao.fr\/index.php\/fr\/sa-vie\/"]}]},{"@type":"ImageObject","inLanguage":"fr-FR","@id":"https:\/\/www.nguyensao.fr\/index.php\/fr\/sa-vie\/#primaryimage","url":"https:\/\/www.nguyensao.fr\/wp-content\/uploads\/2015\/10\/sorgues-1941.jpg","contentUrl":"https:\/\/www.nguyensao.fr\/wp-content\/uploads\/2015\/10\/sorgues-1941.jpg","width":1350,"height":1824,"caption":"sorgues-1941"},{"@type":"WebSite","@id":"https:\/\/www.nguyensao.fr\/#website","url":"https:\/\/www.nguyensao.fr\/","name":"Nguyen Sao","description":"Un artiste aux multiples facettes","potentialAction":[{"@type":"SearchAction","target":{"@type":"EntryPoint","urlTemplate":"https:\/\/www.nguyensao.fr\/?s={search_term_string}"},"query-input":{"@type":"PropertyValueSpecification","valueRequired":true,"valueName":"search_term_string"}}],"inLanguage":"fr-FR"}]}},"_links":{"self":[{"href":"https:\/\/www.nguyensao.fr\/index.php\/wp-json\/wp\/v2\/pages\/50","targetHints":{"allow":["GET"]}}],"collection":[{"href":"https:\/\/www.nguyensao.fr\/index.php\/wp-json\/wp\/v2\/pages"}],"about":[{"href":"https:\/\/www.nguyensao.fr\/index.php\/wp-json\/wp\/v2\/types\/page"}],"author":[{"embeddable":true,"href":"https:\/\/www.nguyensao.fr\/index.php\/wp-json\/wp\/v2\/users\/1"}],"replies":[{"embeddable":true,"href":"https:\/\/www.nguyensao.fr\/index.php\/wp-json\/wp\/v2\/comments?post=50"}],"version-history":[{"count":4,"href":"https:\/\/www.nguyensao.fr\/index.php\/wp-json\/wp\/v2\/pages\/50\/revisions"}],"predecessor-version":[{"id":1924,"href":"https:\/\/www.nguyensao.fr\/index.php\/wp-json\/wp\/v2\/pages\/50\/revisions\/1924"}],"wp:attachment":[{"href":"https:\/\/www.nguyensao.fr\/index.php\/wp-json\/wp\/v2\/media?parent=50"}],"curies":[{"name":"wp","href":"https:\/\/api.w.org\/{rel}","templated":true}]}}