{"id":68,"date":"2015-10-20T14:43:04","date_gmt":"2015-10-20T13:43:04","guid":{"rendered":"http:\/\/www.nguyensao.fr\/?page_id=68"},"modified":"2016-04-21T16:35:00","modified_gmt":"2016-04-21T15:35:00","slug":"medailles-et-recompenses","status":"publish","type":"page","link":"https:\/\/www.nguyensao.fr\/index.php\/fr\/medailles-et-recompenses\/","title":{"rendered":"M\u00e9dailles et r\u00e9compenses"},"content":{"rendered":"<p>Artiste reconnu par ses pairs, salu\u00e9 par la critique, son \u0153uvre a \u00e9t\u00e9 couronn\u00e9e de divers prix et r\u00e9compenses :<\/p>\n<ul>\n<li>1935 : M\u00e9daille d&rsquo;argent de la Foire internationale de Sa\u00efgon (Vi\u00eat-Nam)<\/li>\n<li>1941 : Grand Prix de Composition d\u00e9corative, \u00c9cole des beaux-arts d&rsquo;Avignon (Vaucluse)<\/li>\n<li>1942 : Prix de l&rsquo;Affiche en faveur de l\u2019\u00c9pargne (Paris)<\/li>\n<li>1944 : Grand Prix Lefranc \u00e0 l&rsquo;Exposition internationale de Peinture (Paris)<\/li>\n<li>1973 : M\u00e9daille de la Ville de St-Paul de Vence\u00a0 &#8211; Prix du Festival de Cannes avec Troph\u00e9e d&rsquo;or (Alpes-Maritimes)<\/li>\n<li>1974 : Prix des Sept Collines de Rome &#8211; M\u00e9daille d&rsquo;argent de la ville de Vicenza (Italie)<\/li>\n<li>1976 : M\u00e9daille d&rsquo;argent de l&rsquo;Acad\u00e9mie Internationale de Lut\u00e8ce (Paris)<\/li>\n<li>1977 : Prix humanitaire de France (Paris)<\/li>\n<li>1978 : Palmes d&rsquo;or du M\u00e9rite belgo-hispanique de Bruxelles &#8211;\u00a0 M\u00e9daille Rubens d&rsquo;Anvers (Belgique) &#8211; M\u00e9daille d&rsquo;argent de la Soci\u00e9t\u00e9 d&rsquo;Encouragement au Progr\u00e8s (Paris)<\/li>\n<li>1979 : M\u00e9daille d&rsquo;argent d&rsquo;Arts et Lettres de France (Bordeaux)<\/li>\n<li>1981 : Croix de Chevalier du M\u00e9rite belgo-hispanique de Bruxelles (Belgique)<\/li>\n<li>1983 : M\u00e9daille de Vermeil de la Soci\u00e9t\u00e9 d&rsquo;Encouragement au Progr\u00e8s (Paris)<\/li>\n<li>1989 : Grand Prix du Prestige europ\u00e9en par le Service europ\u00e9en d&rsquo;Information minist\u00e9riel et parlementaire pour <span style=\"color: #993300;\">\u00ab\u00a0l<em>&lsquo;ensemble de son \u0153uvre et pour sa participation personnelle au rayonnement artistique et culturel de l&rsquo;Europe en g\u00e9n\u00e9ral et de la France en particulier<\/em>\u00ab\u00a0<\/span><\/li>\n<li>1994 : M\u00e9daille d&rsquo;argent de la Ville de Paris<\/li>\n<\/ul>\n","protected":false},"excerpt":{"rendered":"<p>Artiste reconnu par ses pairs, salu\u00e9 par la critique, son \u0153uvre a \u00e9t\u00e9 couronn\u00e9e de divers prix et r\u00e9compenses : 1935 : M\u00e9daille d&rsquo;argent de la Foire internationale de Sa\u00efgon (Vi\u00eat-Nam) 1941 : Grand Prix de Composition d\u00e9corative, \u00c9cole des beaux-arts d&rsquo;Avignon (Vaucluse) 1942 : Prix de l&rsquo;Affiche en faveur de l\u2019\u00c9pargne (Paris) 1944 : &hellip; <a href=\"https:\/\/www.nguyensao.fr\/index.php\/fr\/medailles-et-recompenses\/\" class=\"more-link\">Continuer la lecture de <span class=\"screen-reader-text\">M\u00e9dailles et r\u00e9compenses<\/span> <span class=\"meta-nav\">&rarr;<\/span><\/a><\/p>\n","protected":false},"author":1,"featured_media":0,"parent":0,"menu_order":0,"comment_status":"closed","ping_status":"closed","template":"full-width-page.php","meta":{"iawp_total_views":26,"footnotes":""},"class_list":["post-68","page","type-page","status-publish","hentry"],"yoast_head":"<!-- This site is optimized with the Yoast SEO plugin v27.5 - https:\/\/yoast.com\/product\/yoast-seo-wordpress\/ -->\n<title>M\u00e9dailles et r\u00e9compenses - Nguyen Sao<\/title>\n<meta name=\"robots\" content=\"index, follow, max-snippet:-1, max-image-preview:large, max-video-preview:-1\" \/>\n<link rel=\"canonical\" href=\"https:\/\/www.nguyensao.fr\/index.php\/fr\/medailles-et-recompenses\/\" \/>\n<meta property=\"og:locale\" content=\"fr_FR\" \/>\n<meta property=\"og:type\" content=\"article\" \/>\n<meta property=\"og:title\" content=\"M\u00e9dailles et r\u00e9compenses - Nguyen Sao\" \/>\n<meta property=\"og:description\" content=\"Artiste reconnu par ses pairs, salu\u00e9 par la critique, son \u0153uvre a \u00e9t\u00e9 couronn\u00e9e de divers prix et r\u00e9compenses : 1935 : M\u00e9daille d&rsquo;argent de la Foire internationale de Sa\u00efgon (Vi\u00eat-Nam) 1941 : Grand Prix de Composition d\u00e9corative, \u00c9cole des beaux-arts d&rsquo;Avignon (Vaucluse) 1942 : Prix de l&rsquo;Affiche en faveur de l\u2019\u00c9pargne (Paris) 1944 : &hellip; Continuer la lecture de M\u00e9dailles et r\u00e9compenses &rarr;\" \/>\n<meta property=\"og:url\" content=\"https:\/\/www.nguyensao.fr\/index.php\/fr\/medailles-et-recompenses\/\" \/>\n<meta property=\"og:site_name\" content=\"Nguyen Sao\" \/>\n<meta property=\"article:modified_time\" content=\"2016-04-21T15:35:00+00:00\" \/>\n<meta name=\"twitter:card\" content=\"summary_large_image\" \/>\n<meta name=\"twitter:label1\" content=\"Dur\u00e9e de lecture estim\u00e9e\" \/>\n\t<meta name=\"twitter:data1\" content=\"1 minute\" \/>\n<script type=\"application\/ld+json\" class=\"yoast-schema-graph\">{\"@context\":\"https:\\\/\\\/schema.org\",\"@graph\":[{\"@type\":\"WebPage\",\"@id\":\"https:\\\/\\\/www.nguyensao.fr\\\/index.php\\\/fr\\\/medailles-et-recompenses\\\/\",\"url\":\"https:\\\/\\\/www.nguyensao.fr\\\/index.php\\\/fr\\\/medailles-et-recompenses\\\/\",\"name\":\"M\u00e9dailles et r\u00e9compenses - Nguyen Sao\",\"isPartOf\":{\"@id\":\"https:\\\/\\\/www.nguyensao.fr\\\/#website\"},\"datePublished\":\"2015-10-20T13:43:04+00:00\",\"dateModified\":\"2016-04-21T15:35:00+00:00\",\"inLanguage\":\"fr-FR\",\"potentialAction\":[{\"@type\":\"ReadAction\",\"target\":[\"https:\\\/\\\/www.nguyensao.fr\\\/index.php\\\/fr\\\/medailles-et-recompenses\\\/\"]}]},{\"@type\":\"WebSite\",\"@id\":\"https:\\\/\\\/www.nguyensao.fr\\\/#website\",\"url\":\"https:\\\/\\\/www.nguyensao.fr\\\/\",\"name\":\"Nguyen Sao\",\"description\":\"Un artiste aux multiples facettes\",\"potentialAction\":[{\"@type\":\"SearchAction\",\"target\":{\"@type\":\"EntryPoint\",\"urlTemplate\":\"https:\\\/\\\/www.nguyensao.fr\\\/?s={search_term_string}\"},\"query-input\":{\"@type\":\"PropertyValueSpecification\",\"valueRequired\":true,\"valueName\":\"search_term_string\"}}],\"inLanguage\":\"fr-FR\"}]}<\/script>\n<!-- \/ Yoast SEO plugin. -->","yoast_head_json":{"title":"M\u00e9dailles et r\u00e9compenses - Nguyen Sao","robots":{"index":"index","follow":"follow","max-snippet":"max-snippet:-1","max-image-preview":"max-image-preview:large","max-video-preview":"max-video-preview:-1"},"canonical":"https:\/\/www.nguyensao.fr\/index.php\/fr\/medailles-et-recompenses\/","og_locale":"fr_FR","og_type":"article","og_title":"M\u00e9dailles et r\u00e9compenses - Nguyen Sao","og_description":"Artiste reconnu par ses pairs, salu\u00e9 par la critique, son \u0153uvre a \u00e9t\u00e9 couronn\u00e9e de divers prix et r\u00e9compenses : 1935 : M\u00e9daille d&rsquo;argent de la Foire internationale de Sa\u00efgon (Vi\u00eat-Nam) 1941 : Grand Prix de Composition d\u00e9corative, \u00c9cole des beaux-arts d&rsquo;Avignon (Vaucluse) 1942 : Prix de l&rsquo;Affiche en faveur de l\u2019\u00c9pargne (Paris) 1944 : &hellip; Continuer la lecture de M\u00e9dailles et r\u00e9compenses &rarr;","og_url":"https:\/\/www.nguyensao.fr\/index.php\/fr\/medailles-et-recompenses\/","og_site_name":"Nguyen Sao","article_modified_time":"2016-04-21T15:35:00+00:00","twitter_card":"summary_large_image","twitter_misc":{"Dur\u00e9e de lecture estim\u00e9e":"1 minute"},"schema":{"@context":"https:\/\/schema.org","@graph":[{"@type":"WebPage","@id":"https:\/\/www.nguyensao.fr\/index.php\/fr\/medailles-et-recompenses\/","url":"https:\/\/www.nguyensao.fr\/index.php\/fr\/medailles-et-recompenses\/","name":"M\u00e9dailles et r\u00e9compenses - Nguyen Sao","isPartOf":{"@id":"https:\/\/www.nguyensao.fr\/#website"},"datePublished":"2015-10-20T13:43:04+00:00","dateModified":"2016-04-21T15:35:00+00:00","inLanguage":"fr-FR","potentialAction":[{"@type":"ReadAction","target":["https:\/\/www.nguyensao.fr\/index.php\/fr\/medailles-et-recompenses\/"]}]},{"@type":"WebSite","@id":"https:\/\/www.nguyensao.fr\/#website","url":"https:\/\/www.nguyensao.fr\/","name":"Nguyen Sao","description":"Un artiste aux multiples facettes","potentialAction":[{"@type":"SearchAction","target":{"@type":"EntryPoint","urlTemplate":"https:\/\/www.nguyensao.fr\/?s={search_term_string}"},"query-input":{"@type":"PropertyValueSpecification","valueRequired":true,"valueName":"search_term_string"}}],"inLanguage":"fr-FR"}]}},"_links":{"self":[{"href":"https:\/\/www.nguyensao.fr\/index.php\/wp-json\/wp\/v2\/pages\/68","targetHints":{"allow":["GET"]}}],"collection":[{"href":"https:\/\/www.nguyensao.fr\/index.php\/wp-json\/wp\/v2\/pages"}],"about":[{"href":"https:\/\/www.nguyensao.fr\/index.php\/wp-json\/wp\/v2\/types\/page"}],"author":[{"embeddable":true,"href":"https:\/\/www.nguyensao.fr\/index.php\/wp-json\/wp\/v2\/users\/1"}],"replies":[{"embeddable":true,"href":"https:\/\/www.nguyensao.fr\/index.php\/wp-json\/wp\/v2\/comments?post=68"}],"version-history":[{"count":0,"href":"https:\/\/www.nguyensao.fr\/index.php\/wp-json\/wp\/v2\/pages\/68\/revisions"}],"wp:attachment":[{"href":"https:\/\/www.nguyensao.fr\/index.php\/wp-json\/wp\/v2\/media?parent=68"}],"curies":[{"name":"wp","href":"https:\/\/api.w.org\/{rel}","templated":true}]}}