{"id":70,"date":"2015-10-20T14:45:58","date_gmt":"2015-10-20T13:45:58","guid":{"rendered":"http:\/\/www.nguyensao.fr\/?page_id=70"},"modified":"2016-05-09T09:49:43","modified_gmt":"2016-05-09T08:49:43","slug":"articles-de-presse","status":"publish","type":"page","link":"https:\/\/www.nguyensao.fr\/index.php\/fr\/articles-de-presse\/","title":{"rendered":"Articles de presse"},"content":{"rendered":"<p>Quelques opinions sur l&rsquo;oeuvre de l&rsquo;artiste selon des articles de presse dont les extraits sont ci-joints :<\/p>\n<p><span style=\"color: #000080;\">\u00ab\u00a0<\/span><em><span style=\"color: #000080;\">Quel s\u00e9duisant ensemble d\u2019\u0153uvres d\u00e9licates nous pr\u00e9sentent les jeunes peintres <strong>Nguy\u1ec5n Anh<\/strong>, <strong>Chuong<\/strong>, <strong>Nguy\u1ec5n Sao<\/strong> et <strong>Tran Minh Tho<\/strong>, avec leurs peintures sur soie et leurs laques ! Quelle savante technique est la leur! Les raffinements exquis de leurs compositions, d&rsquo;une mise en page si savante et si s\u00fbre, d&rsquo;un dessin toujours si expressif et d&rsquo;une couleur si riante, n&rsquo;\u00f4tent rien \u00e0\u00a0 la sensibilit\u00e9 qui leur donne le fr\u00e9missement m\u00eame de la vie et qui fait monter vers vous comme la fra\u00eeche haleine d&rsquo;un matin de printemps quand les cerisiers sont en fleurs! On ne saurait choisir dans cet ensemble o\u00f9 tout attire, retient et charme le regard.\u00a0\u00bb<\/span> <\/em><\/p>\n<p><span style=\"text-decoration: underline;\">Lettres et Arts<\/span>, Paris 1948<\/p>\n<p><span style=\"color: #993300;\">\u00ab\u00a0<em><strong>Nguy\u1ec5n Sao<\/strong> est un impressionniste d&rsquo;instinct que la discipline des grandes \u00e9coles des Beaux-arts et des Arts d\u00e9coratifs de Paris o\u00f9 il s&rsquo;est model\u00e9, temp\u00e8re&#8230; A sa mani\u00e8re, <strong>Nguy\u1ec5n Sao<\/strong> est un po\u00e8te. Ainsi, pour lui, l&rsquo;impressionnisme n&rsquo;est-il qu&rsquo;un moyen d&rsquo;exprimer, gr\u00e2ce \u00e0 sa sensibilit\u00e9 profonde, tout ce qui se d\u00e9gage de la tradition du pass\u00e9 et aussi du rayonnement pr\u00e9sent&#8230; A contempler les oeuvres de <strong>Nguy\u1ec5n Sao,<\/strong> \u00e0 y d\u00e9couvrir tant de sensibilit\u00e9 et de sentiments naturels, on est tellement saisi par la puret\u00e9 d&rsquo;expression, qu&rsquo;elle ne semble pas celle d&rsquo;un talent. Et pourtant, c&rsquo;est pr\u00e9cis\u00e9ment cette puret\u00e9 qui marque le<\/em> <em>sien.<\/em> <em><strong>Nguy\u1ec5n Sao<\/strong><\/em> <em>\u00e9tait un peintre n\u00e9.<\/em>\u00ab\u00a0<\/span><\/p>\n<p>Le Van Xa, <span style=\"text-decoration: underline;\">La Gazette,<\/span> Sa\u00efgon 1957<\/p>\n<p><span style=\"color: #000080;\">\u00ab\u00a0<em>On aimera ce qu&rsquo;il y a de classique jusque dans les audaces calcul\u00e9es d&rsquo;une palette remarquablement \u00e9tendue, qui ne recule devant aucune vivacit\u00e9 de coloris, mais sait nuancer les teintes d&rsquo;un paysage en accord avec les heures et les saisons&#8230; Le talent de <strong>Nguy\u1ec5n Sao<\/strong> est assez s\u00fbr de soi pour se permettre de refuser tout artifice. Nulle concession au clinquant dans ces recherches<\/em> <em>\u00e9tonnamment fouill\u00e9es que traduit la diversit\u00e9 des coloris et de la lumi\u00e8re<\/em>&#8230;<\/span><\/p>\n<p>Pierre Faucon, <span style=\"text-decoration: underline;\">Journal d&rsquo;Extr\u00eame-Orient<\/span>, Sa\u00efgon 1959<\/p>\n<p><span style=\"color: #993300;\">\u00ab\u00a0&#8230; <em>Cette \u00e9criture est assez inhabituelle ici, et dans des ensembles rassemblant divers peintres, elle surprend ou choque, tant elle est diff\u00e9rente, haute de ton, avec des ciels du genre tragique, tr\u00e8s \u00e9labor\u00e9s de formes et de couleurs&#8230;<\/em>\u00ab\u00a0<\/span><\/p>\n<p>Marc Planchon, <span style=\"text-decoration: underline;\">Journal d&rsquo;Extr\u00eame-Orient<\/span>, Sa\u00efgon 1960<\/p>\n<p><span style=\"color: #000080;\">\u00ab\u00a0<em>Il faut noter chez le peintre, une \u00e9volution par rapport \u00e0 ses pr\u00e9sentations d&rsquo;avant 1960 ou 1961. Il transforme sa mati\u00e8re en la simplifiant, abandonnant les model\u00e9s \u00e0 tons fondus pour suivre le syst\u00e8me actuel de la couleur pure et du dessin tendant \u00e0 r\u00e9duire les formes \u00e0 leur support g\u00e9om\u00e9trique avec suppression de ce qui ne concoure pas au caract\u00e8re&#8230;\u00a0\u00bb<\/em><\/span><\/p>\n<p>Marc Planchon, <span style=\"text-decoration: underline;\">Journal d&rsquo;Extr\u00eame-Orient<\/span>, Sa\u00efgon 1962<\/p>\n<p><span style=\"color: #993300;\">\u00ab\u00a0<em>A quelques journalistes qui visitaient son atelier dimanche dernier, Nguy\u1ec5n Sao d\u00e9clarait qu&rsquo;il s&rsquo;attachait surtout \u00e0 l&rsquo;intensit\u00e9 des couleurs, au rapport des volumes, \u00e0 la stylisation du dessin&#8230; L&rsquo;intensit\u00e9 des couleurs se r\u00e9v\u00e8le surtout dans les gouaches, notamment dans <strong>Cr\u00e9puscule sur le march\u00e9<\/strong>, r\u00e9alis\u00e9 en couleurs chaudes. Parmi les peintures \u00e0 l&rsquo;huile, on remarque quelques tableaux peints d&rsquo;une touche l\u00e9g\u00e8re, tels que <strong>Concert de musique<\/strong>, les gris-bleu, jaune-rose, rose-p\u00e2le, rose-violet et les ombres gris-violet s&rsquo;harmonisent parfaitement dans des silhouettes floues. L&rsquo;ensemble est vaporeux<\/em>\u00ab\u00a0.<\/span><\/p>\n<p>G\u00e9o Nam, <span style=\"text-decoration: underline;\">Vi\u00eat-Nam presse<\/span>, Sa\u00efgon 1963<\/p>\n<p><span style=\"color: #000080;\">\u00ab\u00a0<em><strong>Nguy\u1ec5n Sao<\/strong> traduit dans ses oeuvres la sensibilit\u00e9 de deux pays auxquels il appartient : celui de son origine, le Vi\u00eat-Nam et celui dans lequel il \u00e9volue, par p\u00e9riodes, la France. La marque de son \u0153uvre est impressionniste&#8230; Il connait bien nos ciels et nos paysages, mais c&rsquo;est du Vi\u00eat-Nam qu&rsquo;il souhaite nous entretenir&#8230;\u00a0\u00bb<\/em><\/span><\/p>\n<p>Maison de la Culture, Poitiers 1974<\/p>\n<p><span style=\"color: #993300;\">\u00ab\u00a0<em>Une importante exposition de peintures sur soie et laques de <strong>Nguy\u1ec5n Sao<\/strong>, composant la technique et le processus original asiatique, rehauss\u00e9s par le raffinement, la subjectivit\u00e9 r\u00e9alis\u00e9s par ce peintre vietnamien&#8230; il transpose des nus esth\u00e9tiques, mettant en exergue la beaut\u00e9 du mod\u00e8le, suivant les traditions classiques du canon gr\u00e9co-romain. Mais depuis quelques ann\u00e9es, <strong>Nguy\u1ec5n Sao<\/strong> \u00e9volue dans l&rsquo;expressionnisme avec un l\u00e9ger cubisme discret. Des compositions, personnages et paysages jonchent la cimaise de son exposition\u00a0\u00bb.<\/em><\/span><\/p>\n<p>Galerie Tkim Quynh, Paris 1978<\/p>\n<p><span style=\"color: #000080;\">\u00ab\u00a0&#8230; <strong><em>Nguy\u1ec5n Sao<\/em><\/strong> <em>n&rsquo;est pas un inconnu dans la cit\u00e9 thermale. La saison derni\u00e8re, il avait conquis les amateurs de peinture avec sa premi\u00e8re exposition en terre caldagu\u00e9s&#8230; Il nous revient cette ann\u00e9e, avec toujours le Vi\u00eat-Nam pour inspiration.<\/em><\/span><\/p>\n<p><span style=\"color: #000080;\"><em>Originaire de ce pays, il ne s&rsquo;est jamais r\u00e9solu \u00e0 oublier sa terre natale qu&rsquo;il peint de mani\u00e8re fort originale. A travers sa peinture empreinte de quelque nostalgie, il montre des sc\u00e8nes pleines de lumi\u00e8re, de fra\u00eecheur, de gait\u00e9 aussi, au dessin toujours expressif et puissamment color\u00e9&#8230;\u00a0\u00bb<\/em><\/span><\/p>\n<p><span style=\"text-decoration: underline;\">La Montagne<\/span>, Chaudes-Aigues 1989<\/p>\n","protected":false},"excerpt":{"rendered":"<p>Quelques opinions sur l&rsquo;oeuvre de l&rsquo;artiste selon des articles de presse dont les extraits sont ci-joints : \u00ab\u00a0Quel s\u00e9duisant ensemble d\u2019\u0153uvres d\u00e9licates nous pr\u00e9sentent les jeunes peintres Nguy\u1ec5n Anh, Chuong, Nguy\u1ec5n Sao et Tran Minh Tho, avec leurs peintures sur soie et leurs laques ! Quelle savante technique est la leur! Les raffinements exquis de &hellip; <a href=\"https:\/\/www.nguyensao.fr\/index.php\/fr\/articles-de-presse\/\" class=\"more-link\">Continuer la lecture de <span class=\"screen-reader-text\">Articles de presse<\/span> <span class=\"meta-nav\">&rarr;<\/span><\/a><\/p>\n","protected":false},"author":1,"featured_media":0,"parent":0,"menu_order":0,"comment_status":"closed","ping_status":"closed","template":"full-width-page.php","meta":{"iawp_total_views":34,"footnotes":""},"class_list":["post-70","page","type-page","status-publish","hentry"],"yoast_head":"<!-- This site is optimized with the Yoast SEO plugin v27.5 - https:\/\/yoast.com\/product\/yoast-seo-wordpress\/ -->\n<title>Articles de presse - Nguyen Sao<\/title>\n<meta name=\"robots\" content=\"index, follow, max-snippet:-1, max-image-preview:large, max-video-preview:-1\" \/>\n<link rel=\"canonical\" href=\"https:\/\/www.nguyensao.fr\/index.php\/fr\/articles-de-presse\/\" \/>\n<meta property=\"og:locale\" content=\"fr_FR\" \/>\n<meta property=\"og:type\" content=\"article\" \/>\n<meta property=\"og:title\" content=\"Articles de presse - Nguyen Sao\" \/>\n<meta property=\"og:description\" content=\"Quelques opinions sur l&rsquo;oeuvre de l&rsquo;artiste selon des articles de presse dont les extraits sont ci-joints : \u00ab\u00a0Quel s\u00e9duisant ensemble d\u2019\u0153uvres d\u00e9licates nous pr\u00e9sentent les jeunes peintres Nguy\u1ec5n Anh, Chuong, Nguy\u1ec5n Sao et Tran Minh Tho, avec leurs peintures sur soie et leurs laques ! Quelle savante technique est la leur! Les raffinements exquis de &hellip; Continuer la lecture de Articles de presse &rarr;\" \/>\n<meta property=\"og:url\" content=\"https:\/\/www.nguyensao.fr\/index.php\/fr\/articles-de-presse\/\" \/>\n<meta property=\"og:site_name\" content=\"Nguyen Sao\" \/>\n<meta property=\"article:modified_time\" content=\"2016-05-09T08:49:43+00:00\" \/>\n<meta name=\"twitter:card\" content=\"summary_large_image\" \/>\n<meta name=\"twitter:label1\" content=\"Dur\u00e9e de lecture estim\u00e9e\" \/>\n\t<meta name=\"twitter:data1\" content=\"4 minutes\" \/>\n<script type=\"application\/ld+json\" class=\"yoast-schema-graph\">{\"@context\":\"https:\\\/\\\/schema.org\",\"@graph\":[{\"@type\":\"WebPage\",\"@id\":\"https:\\\/\\\/www.nguyensao.fr\\\/index.php\\\/fr\\\/articles-de-presse\\\/\",\"url\":\"https:\\\/\\\/www.nguyensao.fr\\\/index.php\\\/fr\\\/articles-de-presse\\\/\",\"name\":\"Articles de presse - Nguyen Sao\",\"isPartOf\":{\"@id\":\"https:\\\/\\\/www.nguyensao.fr\\\/#website\"},\"datePublished\":\"2015-10-20T13:45:58+00:00\",\"dateModified\":\"2016-05-09T08:49:43+00:00\",\"inLanguage\":\"fr-FR\",\"potentialAction\":[{\"@type\":\"ReadAction\",\"target\":[\"https:\\\/\\\/www.nguyensao.fr\\\/index.php\\\/fr\\\/articles-de-presse\\\/\"]}]},{\"@type\":\"WebSite\",\"@id\":\"https:\\\/\\\/www.nguyensao.fr\\\/#website\",\"url\":\"https:\\\/\\\/www.nguyensao.fr\\\/\",\"name\":\"Nguyen Sao\",\"description\":\"Un artiste aux multiples facettes\",\"potentialAction\":[{\"@type\":\"SearchAction\",\"target\":{\"@type\":\"EntryPoint\",\"urlTemplate\":\"https:\\\/\\\/www.nguyensao.fr\\\/?s={search_term_string}\"},\"query-input\":{\"@type\":\"PropertyValueSpecification\",\"valueRequired\":true,\"valueName\":\"search_term_string\"}}],\"inLanguage\":\"fr-FR\"}]}<\/script>\n<!-- \/ Yoast SEO plugin. -->","yoast_head_json":{"title":"Articles de presse - Nguyen Sao","robots":{"index":"index","follow":"follow","max-snippet":"max-snippet:-1","max-image-preview":"max-image-preview:large","max-video-preview":"max-video-preview:-1"},"canonical":"https:\/\/www.nguyensao.fr\/index.php\/fr\/articles-de-presse\/","og_locale":"fr_FR","og_type":"article","og_title":"Articles de presse - Nguyen Sao","og_description":"Quelques opinions sur l&rsquo;oeuvre de l&rsquo;artiste selon des articles de presse dont les extraits sont ci-joints : \u00ab\u00a0Quel s\u00e9duisant ensemble d\u2019\u0153uvres d\u00e9licates nous pr\u00e9sentent les jeunes peintres Nguy\u1ec5n Anh, Chuong, Nguy\u1ec5n Sao et Tran Minh Tho, avec leurs peintures sur soie et leurs laques ! Quelle savante technique est la leur! Les raffinements exquis de &hellip; Continuer la lecture de Articles de presse &rarr;","og_url":"https:\/\/www.nguyensao.fr\/index.php\/fr\/articles-de-presse\/","og_site_name":"Nguyen Sao","article_modified_time":"2016-05-09T08:49:43+00:00","twitter_card":"summary_large_image","twitter_misc":{"Dur\u00e9e de lecture estim\u00e9e":"4 minutes"},"schema":{"@context":"https:\/\/schema.org","@graph":[{"@type":"WebPage","@id":"https:\/\/www.nguyensao.fr\/index.php\/fr\/articles-de-presse\/","url":"https:\/\/www.nguyensao.fr\/index.php\/fr\/articles-de-presse\/","name":"Articles de presse - Nguyen Sao","isPartOf":{"@id":"https:\/\/www.nguyensao.fr\/#website"},"datePublished":"2015-10-20T13:45:58+00:00","dateModified":"2016-05-09T08:49:43+00:00","inLanguage":"fr-FR","potentialAction":[{"@type":"ReadAction","target":["https:\/\/www.nguyensao.fr\/index.php\/fr\/articles-de-presse\/"]}]},{"@type":"WebSite","@id":"https:\/\/www.nguyensao.fr\/#website","url":"https:\/\/www.nguyensao.fr\/","name":"Nguyen Sao","description":"Un artiste aux multiples facettes","potentialAction":[{"@type":"SearchAction","target":{"@type":"EntryPoint","urlTemplate":"https:\/\/www.nguyensao.fr\/?s={search_term_string}"},"query-input":{"@type":"PropertyValueSpecification","valueRequired":true,"valueName":"search_term_string"}}],"inLanguage":"fr-FR"}]}},"_links":{"self":[{"href":"https:\/\/www.nguyensao.fr\/index.php\/wp-json\/wp\/v2\/pages\/70","targetHints":{"allow":["GET"]}}],"collection":[{"href":"https:\/\/www.nguyensao.fr\/index.php\/wp-json\/wp\/v2\/pages"}],"about":[{"href":"https:\/\/www.nguyensao.fr\/index.php\/wp-json\/wp\/v2\/types\/page"}],"author":[{"embeddable":true,"href":"https:\/\/www.nguyensao.fr\/index.php\/wp-json\/wp\/v2\/users\/1"}],"replies":[{"embeddable":true,"href":"https:\/\/www.nguyensao.fr\/index.php\/wp-json\/wp\/v2\/comments?post=70"}],"version-history":[{"count":0,"href":"https:\/\/www.nguyensao.fr\/index.php\/wp-json\/wp\/v2\/pages\/70\/revisions"}],"wp:attachment":[{"href":"https:\/\/www.nguyensao.fr\/index.php\/wp-json\/wp\/v2\/media?parent=70"}],"curies":[{"name":"wp","href":"https:\/\/api.w.org\/{rel}","templated":true}]}}